. Let d(f) = -20*f - 12. Let i(j) = -2*d(j) + 5*y(j). Give i(3).
4
Let d(z) = -z**2 - 2*z - 6. Suppose 0 = -2*s - s + 33. Suppose -8*t + s*t = -12. What is d(t)?
-14
Let k(c) = c**3 - 7*c**2 - 7. Let h be k(7). Let x(z) = 2*z + 17. Let l(o) = 2*o + 22. Let d(m) = -2*l(m) + 3*x(m). Give d(h).
-7
Let m(x) = -3*x**3 - 7*x**2 + 4*x - 15. Let z(b) = -13*b**3 - 28*b**2 + 19*b - 61. Let q(j) = -9*m(j) + 2*z(j). Calculate q(-7).
-1
Let b(a) be the second derivative of -a**4/12 - 5*a**3/6 + 4*a**2 + a. Let u(q) = q**3 + 8*q**2 + 11*q - 12. Let t be u(-6). Give b(t).
2
Let d(y) = y - 7. Suppose -2*x - 34 = -5*u, 20 = 5*u - 7*x + 12*x. What is d(u)?
-1
Let g(l) = -13 - 37 - l - 11 - 6*l + 16. Give g(-7).
4
Let h be (10/5)/6*12. Let k(r) = 1 + 3*r + 12*r**2 + h*r - 2*r - 4*r. Determine k(-1).
12
Let q(z) = -14*z - 4. Let y(p) = -5*p - 1. Let v be (15/10)/(3/(-16)*2). Let s(o) = v*q(o) + 11*y(o). What is s(5)?
10
Let x(a) = a**2 + 49*a + 422. Let d be x(-11). Let y(o) = 2*o**2 - 4*o - 8. What is y(d)?
8
Let v be (-4)/(-8) + 28/(-8). Let j = 3 + v. Let z(k) = -k**3 - k**2 - 15. Let d(i) = -1. Let n(t) = d(t) - z(t). What is n(j)?
14
Let j(r) = 22*r - 9*r - 1 + r**3 - 17*r. Suppose -3*m + 17 = -5*w + 47, -m = 2*w - 1. What is j(w)?
14
Let j(m) = -2*m - 12. Let a be j(-4). Let i be (4 + -8)/a*2 + 3. Let t(u) be the second derivative of u**3/6 + u**2 - u. Calculate t(i).
7
Let o(h) = -h**3 - 9*h**2 - 11*h + 8. Let p be (-82)/12 + 12*23/(-1656). Determine o(p).
-13
Let f be (-7)/(-2)*72/42. Let o(j) = 5*j + 9. Let r(a) = -6*a - 10. Let d(c) = f*r(c) + 7*o(c). Suppose -2*l + 2*z + 0*z = 0, 2*z + 8 = 4*l. Determine d(l).
-1
Let g(n) be the first derivative of -3*n**3 + n**2/2 - 2. Let i = 792 + -791. What is g(i)?
-8
Let z be (3/12)/((-10)/(-40)). Let h(n) = 7*n**2 - 1. Give h(z).
6
Let k(m) = m**2 + 14*m - 20. Let p be k(-15). Let t(o) = -2*o - 16. Give t(p).
-6
Let i(x) = 2*x - 5*x + 0*x. Suppose 0 = 27*o - 15*o + 24. Give i(o).
6
Let w(m) = -m**2 - 8*m - 12*m - 4 + 19*m + 3 - 3*m. Give w(-5).
-6
Suppose 5*r + 9 = -2*l + 1, -5*r + 4*l = -16. Let y(v) = -5 + 0*v - 3 + v + r. Calculate y(8).
0
Let j(r) be the third derivative of r**5/12 - r**4/24 + r**3/6 + 13*r**2 - 4. Calculate j(-2).
23
Let f(n) be the second derivative of n**5/20 - 7*n**4/12 - n**3 + 9*n**2/2 + 14*n. Calculate f(8).
25
Suppose 0 = 2*g + f + 5, -5 = -5*g - 2*f + 3*f. Let m(c) = 6*c - 7*c + 17 - 11. Give m(g).
6
Suppose 3*m - 5 = 2*m + o, 0 = 5*m + 2*o + 10. Let b(q) be the third derivative of m - 8*q**2 - 1/12*q**4 + 1/30*q**5 - 1/2*q**3 + 0*q. Calculate b(3).
9
Suppose -4*d + 32 - 8 = 0. Let o(a) be the first derivative of -a**2/2 + 2*a + 9. Calculate o(d).
-4
Let b(d) = -d**2 - 4*d + 5. Let p be b(-5). Suppose p = 3*z + 8*f - 3*f - 28, 0 = -3*z - 2*f + 22. Let r(n) = 3 - 8*n + 1 + 3 - z. Give r(1).
-7
Let q(a) = 2*a + 1 - a - 6 + 3. Let y be 10/(-4) - 270/(-36). What is q(y)?
3
Let q be 22/12 + 8/96*2. Let o(c) = c**3 + c**2 + 4*c - 3. Determine o(q).
17
Let s(h) = -3*h + 19 + 7*h + h**2 - 18 + 6. Let o be s(-2). Let v(t) = -t**2 - 3. Give v(o).
-12
Suppose 4*q = 61 - 5. Let m = q + -21. Let b(h) = h - 3. Determine b(m).
-10
Let s be (-2)/(-8) - (-90)/24. Let k(v) = 5*v**3 - 9*v**2 - 4*v + 10. Let b(o) = -o**3 + o**2 + o - 1. Let j(l) = s*b(l) + k(l). What is j(5)?
6
Let p(k) = -3*k - 5*k + 5*k - 3*k - 7*k**2. Let z(t) = 4*t**2 + 3*t. Let a(w) = 3*p(w) + 5*z(w). Determine a(-3).
0
Let t(h) = -h**3 - 13*h**2 - 14*h - 23. Let j = -564 - -552. Calculate t(j).
1
Let b be -3*5/(45/(-12)). Suppose -11 = u - 13. Let t(s) = -s**2 - 2 - 9*s**2 - s + s**3 + 5 + 6*s**u. Give t(b).
-1
Let x(a) = -2*a + 4. Suppose 0 = 3*l - 5*c - 143, -2*c + 234 = -0*l + 4*l. Let f = l + -52. Determine x(f).
-4
Let s(r) be the second derivative of -r**4/6 + 5*r**3/6 - 2*r**2 + 102*r. What is s(5)?
-29
Let z(v) = 3*v**3 - 1 + 4*v**3 - 2*v**2 - 6*v**3. Let y be 7 + 1 + (-60 - -55). Determine z(y).
8
Suppose -3*x - 3*c + 27 = 0, 5*x - 7*x + 6 = 5*c. Suppose 0 = -9*r + 32 + x. Let f(k) = -k**3 + 6*k**2 - 5*k + 5. Determine f(r).
5
Let a(s) = s**2 - 8*s - 24. Let y be 51/5 - (-6)/(-30). What is a(y)?
-4
Let k(h) be the third derivative of h**6/240 + h**5/20 + h**4/8 - 6*h**2. Let z(v) be the second derivative of k(v). What is z(-5)?
-9
Let j(d) = d**2 + 2*d - 10. Let t(p) = p**2 - p + 11. Let w(q) = -6*q**2 + 5*q - 56. Let r(x) = 11*t(x) + 2*w(x). Let s(k) = 5*j(k) + 6*r(k). Calculate s(6).
-8
Let d(w) = 31 - 2*w - 4*w**2 - 24 + 2*w**2. Determine d(5).
-53
Let z(g) = g + 5. Let r be z(-3). Let o(j) = 4*j**2 + 6*j**2 - j**3 - 3*j**r - 2*j**2 - 4*j. Give o(3).
6
Suppose 3*a = -3*q + 6*a, 4*q - 5*a = -3. Let g(t) = -t**2 - 2*t - 2. Give g(q).
-17
Let c(h) = -10*h**2 - 5*h - 15. Let k(z) = -7*z**2 - 7*z - 15. Let f(d) = 2*c(d) - 3*k(d). Give f(-10).
5
Let s be (-3)/24 + (1 - 279/72). Let z(h) = -h**3 + 3*h**2 + 3*h + 3. Calculate z(s).
48
Let l(q) = 2 + 0 + 46*q - q**2 - 22*q - 21*q - q**2. Calculate l(4).
-18
Let g(z) = 3*z**3 + 2*z**2 + z. Let c be 1*((-9 - -1) + 7). Calculate g(c).
-2
Suppose -68*k + 34*k = 306. Let c(m) = -m**3 - 10*m**2 - 8*m - 1. Calculate c(k).
-10
Let x(m) be the second derivative of -m**5/20 + 7*m**4/12 + m**3/6 + 7*m**2/2 + 2*m. What is x(7)?
14
Let x(b) = 4*b**3 - 8*b**2 - 6 + 15*b**2 - 5*b**3 + 4*b - 11*b**2. Suppose -4 - 21 = 5*c. What is x(c)?
-1
Suppose -x - 2 = -0. Let y be 1*5 + -4 + 2. Let h(g) = -1 + 0 + 2*g + 6*g**3 + 4*g**2 - g**3 - 4*g**y. What is h(x)?
3
Let x = -10 - -18. Suppose b = 5*b - x. Let l(f) = -4 + f - 1 + b*f. What is l(5)?
10
Suppose -3*o + 23 + 7 = 0. Let l = 3 - o. Let g = l - -9. Let c(y) = -y**2 + 2*y - 3. What is c(g)?
-3
Let k(a) = a**3 - 5*a**2 - 5*a - 3. Suppose -14*m = -24 - 60. What is k(m)?
3
Let a(m) = -6*m**2 - m - 6. Let z(f) = 2*f**2 + f + 2. Let o(r) = -2*a(r) - 7*z(r). Suppose w - 13 = -4*d, 5*w - 2*w + 5 = -d. Determine o(w).
-5
Let o = -21 - -25. Let b(m) = -3*m**2 - 5*m - 3 + o*m**3 - 4*m**2 - 5*m**3. Give b(-6).
-9
Let h = 7 + -5. Let m(o) = -o**2 + 2*o + 3*o**h + 0*o**2 + 3 + 0. Suppose 5*i + 16 = 3*n, i + 0*i - 4 = -3*n. Determine m(i).
7
Let w be (-16)/((3 + -1)*-1). Suppose 5*c + w = c. Let l(h) = 0 + 1 + 2 + 2*h. Give l(c).
-1
Let o(y) = y**3 - 8*y**2 + 2*y - 9. Let a be o(8). Let s(k) = 105 - 53 + a*k**2 - k**3 - 5*k - 54. Give s(5).
23
Let p(a) be the third derivative of -a**6/360 + a**5/24 + a**4/8 + 3*a**3/2 - 12*a**2. Let w(c) be the first derivative of p(c). What is w(6)?
-3
Let m(y) be the second derivative of -5*y**3/6 - 3*y**2/2 - 92*y. Calculate m(-1).
2
Let c(y) = 0*y - 4*y + 1331 - 1335 + y. Calculate c(-3).
5
Let v(u) = -u + 15. Suppose 4*t = -3*n + 45, -2*t = -t - 2*n - 25. Suppose l + t = 26. What is v(l)?
4
Let a(o) = -757*o**2 + 6 + 4*o + 252*o**2 - 2 + 254*o**2 + 252*o**2. Give a(-2).
0
Let y(w) = 4*w**2 - w - 11. Let n be y(2). Let j(d) be the second derivative of 1/6*d**4 + 0 + 0*d**2 - 6*d + d**n. Determine j(-4).
8
Let b(j) = -5*j + 25. Let h(i) = -3*i + 17. Let a(x) = -5*b(x) + 8*h(x). Calculate a(-6).
5
Let b(d) be the third derivative of 0 + 0*d + 25*d**2 - 5/24*d**4 - 1/6*d**3. Give b(-2).
9
Suppose 2*c - 25 = -89. Let j = c + 32. Let s(l) = -l**2 - l + 10. What is s(j)?
10
Let h(i) = 0*i + 3 + 2*i - 11 - 4*i. Let m(b) = -b - 6. Let f be m(-5). Let w be (24/(-20))/(f/(-5)). Determine h(w).
4
Let h(s) = 2 + 22*s + 3*s - 9*s + 1. Calculate h(-2).
-29
Suppose 6*z = 2*z + 4*h + 20, 5*z - 25 = 2*h. Let k(y) = y**2 - z*y + 12 + 10 - 15. Give k(5).
7
Let a(k) = -3 + 4*k**2 + 26*k**3 - 25*k**3 + 21*k - 16*k**2. What is a(10)?
7
Let w(z) = -4*z + 27. Let d(j) = 2*j - 27. Let y(o) = -3*d(o) - 2*w(o). Determine y(-11).
5
Let c = -10138 + 10145. Let j(n) = 0*n**2 + n**2 - 18*n + 8*n + 9. Give j(c).
-12
Let w(r) = -2*r**3 + 2*r**2 - r + 1. Let c(h) = 11*h**3 - 24*h**2 + 19*h + 10. Let i(u) = -c(u) - 5*w(u). Give i(13).
-28
Let s(i) = i**3 + 6*i**2 + 7*i - 5. Suppose -10*l - 41 = -1. Determine s(l).
-1
Let g(j) = j**3 + j**2 - j + 2. Let l(d) = 4*d**3 + 9*d**2 - d + 8. Let t(n) = 5*g(n) - l(n). Suppose 4*p = -5*p + 45. Give t(p).
7
Suppose -3*d = 4*k - 23, -d + 17 = k + 2*d. Let h(w) be the first derivative of 0*w + 3 + 0*w**2 - 1/2*w**4 + 2/3*w**3. What is h(k)?
-8
Let c = 3/175 + 163/700. Let i(y) be the second derivative of 3*y + 0 